 + 1. Give f(-4).
-3
Let d(p) = 6*p - 45. What is d(9)?
9
Let p(x) = -x**2 - 27*x - 183. Calculate p(-14).
-1
Let q(n) = n**3 - 13*n**2 + 11*n - 13. Determine q(12).
-25
Let i(n) = -n**2 - 3*n + 49. Determine i(-9).
-5
Let k(b) = -b**3 - 4*b**2 - 2*b - 3. Determine k(-4).
5
Let q(i) = i**3 - 26*i**2 - 27*i - 6. Determine q(27).
-6
Let b(j) = j**3 - 21*j**2 - 20*j - 7. What is b(22)?
37
Let a(s) = -s**2 - 3*s + 3. What is a(-4)?
-1
Let w(c) = -c + 5. Give w(12).
-7
Let t(w) = 6*w - 16. Give t(4).
8
Let o(c) = 2*c + 31. Give o(-10).
11
Let s(n) = -48*n**2 + n + 1. Determine s(-1).
-48
Let g(f) = f**3 - 7*f**2 + 5*f + 7. What is g(2)?
-3
Let s(f) = -f**3 - 24*f**2 - f - 18. What is s(-24)?
6
Let t(n) = n**2 + 2*n + 4. What is t(-4)?
12
Let j(z) = -4*z**3 - z**2 - z + 2. Give j(-2).
32
Let u(s) = 19*s**2 - 2*s - 2. Give u(-1).
19
Let x(m) = 3*m**2 - 44*m - 15. Give x(15).
0
Let g(j) = j**2 + 8*j + 15. Give g(-10).
35
Let q(k) = -k**3 - 19*k**2 + 68*k + 42. What is q(-22)?
-2
Let p(u) = -u**3 + 14*u**2 - 14*u + 6. Determine p(13).
-7
Let f(w) = 17*w - 274. Give f(16).
-2
Let w(k) = k**2 - 3*k + 22. What is w(0)?
22
Let d(w) = w**2 - 11*w + 44. Give d(3).
20
Let s(g) = -g + 9. Determine s(2).
7
Let r(k) = -24*k + 149. Calculate r(6).
5
Let h(m) = -16*m + 102. Determine h(6).
6
Let y(r) = 10*r**3 + r**2 + r + 1. Determine y(-1).
-9
Let p(d) = d - 2. Give p(1).
-1
Let p(d) = d**3 - 20*d**2 - 123*d - 44. Determine p(25).
6
Let j(i) = -4*i**2 - 32*i - 7. Give j(-6).
41
Let j(r) = r**2 - 9*r - 5. What is j(11)?
17
Let w(r) = 41*r + 77. Determine w(-2).
-5
Let x(u) = -u**2 - 20*u - 40. Give x(-18).
-4
Let j(y) = y**2 - y - 6. Calculate j(6).
24
Let s(n) = 2*n**2 - n + 5. What is s(0)?
5
Let g(s) = -8*s**2 - 3*s - 10. What is g(-3)?
-73
Let u(x) = -6*x - 6. What is u(-1)?
0
Let r(x) = -x**2 - 7*x. What is r(-6)?
6
Let z(d) = -3*d - 6. Give z(-9).
21
Let n(a) = 2*a**3 + 2*a**2 + 5*a + 6. Determine n(-2).
-12
Let i(l) = l**3 + 38*l**2 + 68*l - 139. What is i(-36)?
5
Let v(q) = -q**3 - 2*q**2 + 7*q - 3. Give v(-4).
1
Let z(u) = -u**3 - 19*u**2 + 19*u - 14. Calculate z(-20).
6
Let n(s) = s + 15. Give n(-6).
9
Let k(m) = m**2 + 25*m - 62. What is k(-27)?
-8
Let u(k) = 8*k - 2. Determine u(-4).
-34
Let x(k) = 17*k - 12. Calculate x(1).
5
Let j(h) = -h - 5. Calculate j(-5).
0
Let y(n) = 3*n**2 + 25*n + 101. Calculate y(-5).
51
Let l(r) = -2*r**2 + 76*r + 86. Calculate l(39).
8
Let v(t) = t**3 + 5*t**2 + 6*t + 43. Give v(-6).
-29
Let n(r) = -r**2 + 10*r - 2. Determine n(9).
7
Let k(v) = v**2 + 24*v - 19. Give k(-21).
-82
Let j(v) = -9*v + 345. What is j(38)?
3
Let l(m) = -3*m**3 + 5*m**2 + 3*m - 3. What is l(-2)?
35
Let j(m) = -2*m - 10. What is j(-7)?
4
Let d(c) = c**2 - 19*c - 344. Determine d(-11).
-14
Let v(s) = s**3 - 7*s**2 + 3*s + 6. Calculate v(5).
-29
Let v(b) = b**2 + 8*b - 35. What is v(-11)?
-2
Let r(g) = g + 5. Calculate r(3).
8
Let q(u) = -2*u**3 + 5*u + 1. Give q(-2).
7
Let m(k) = -2*k + 8. What is m(6)?
-4
Let v(u) = -u**3 - 27*u**2 - 25*u + 21. Give v(-26).
-5
Let r(d) = -3*d**2 - 5*d + 2. What is r(-5)?
-48
Let x(c) = 13*c + 2. Determine x(-1).
-11
Let a(x) = -4*x**2 - 7*x - 4. Give a(-3).
-19
Let l(i) = 7*i + 130. Determine l(-17).
11
Let s(v) = -5*v + 50. What is s(6)?
20
Let h(y) = -y**3 + 14*y**2 + 19*y + 19. Give h(15).
79
Let v(b) = -2*b**3 - 14*b**2 - 24*b + 5. Determine v(-4).
5
Let z(o) = -18*o - 693. Calculate z(-39).
9
Let l(z) = 4*z**3 - z**2 + 3*z - 1. Calculate l(1).
5
Let d(h) = -4*h**2 - 8*h - 8. Determine d(-1).
-4
Let j(d) = -4*d - 49. Calculate j(-10).
-9
Let n(r) = 8*r + 105. Determine n(-12).
9
Let n(w) = -8*w**3 + w**2 - 17*w - 17. What is n(-1)?
9
Let j(m) = 4*m**3 - 1. Determine j(1).
3
Let k(j) = -j**2 - 16*j - 32. What is k(-15)?
-17
Let a(i) = 14*i**2 - 2*i - 1. Give a(-1).
15
Let m(g) = g**3 + 11*g**2 + 14*g - 17. Determine m(-9).
19
Let y(t) = -18*t**2 - t. What is y(1)?
-19
Let y(h) = -h**2 - 6*h - 15. Calculate y(-7).
-22
Let w(o) = -o**2 + 20*o - 42. What is w(10)?
58
Let d(f) = -f**2 + 3*f + 6. Calculate d(-4).
-22
Let k(g) = -g**2 - 2*g + 3. Calculate k(-2).
3
Let c(b) = -17*b. Determine c(-1).
17
Let l(u) = -u**3 + u**2 - 3*u + 4. What is l(0)?
4
Let o(c) = c**3 - 15*c**2 - 2*c + 14. Calculate o(15).
-16
Let q(l) = 17*l - 220. Calculate q(14).
18
Let q(t) = -12*t**2 - t + 1. What is q(2)?
-49
Let x(m) = m**2 - 17*m + 48. What is x(11)?
-18
Let y(h) = 5*h**2 + 5*h - 2. Determine y(1).
8
Let j(a) = 5*a + 67. Determine j(-13).
2
Let k(p) = -2*p**3 - 2*p**2 + 2. Calculate k(2).
-22
Let k(u) = -u. Give k(7).
-7
Let v(x) = 3*x + 137. Give v(-41).
14
Let u(g) = g**2 - 19*g + 22. Determine u(10).
-68
Let q(s) = s**3 + 21*s**2 + 37*s + 9. Calculate q(-19).
28
Let h(t) = -t**3 + 38*t**2 + 3*t - 91. Determine h(38).
23
Let z(f) = -f**2 - 6*f - 5. Give z(-5).
0
Let l(x) = -x**3 + 11*x**2 - x - 14. Determine l(11).
-25
Let f(p) = 3*p**2 + 2*p - 52. What is f(0)?
-52
Let f(m) = 13*m - 14. Determine f(1).
-1
Let k(x) = -x + 1. Determine k(-13).
14
Let u(c) = -c**2 + 17*c - 29. Calculate u(15).
1
Let s(y) = y**3 + 12*y**2 - 15*y - 23. Calculate s(-13).
3
Let c(m) = m**2 + 11*m + 21. Give c(-3).
-3
Let x(b) = b**2 - 13*b + 29. What is x(6)?
-13
Let w(o) = 2*o**2 + 5*o - 10. What is w(-5)?
15
Let l(r) = r**3 - 25*r**2 + r - 15. Determine l(25).
10
Let i(z) = 72*z**2 - 3*z - 2. Determine i(-1).
73
Let c(w) = -18*w**3 + 2*w**2 - 2*w - 3. Determine c(-1).
19
Let i(w) = 11*w**3 + 4*w**2 - 1. Give i(1).
14
Let h(r) = -5*r + 39. Give h(10).
-11
Let v(y) = y**3 + 7*y**2 - 3*y - 9. What is v(-8)?
-49
Let d(l) = -49*l + 492. Give d(10).
2
Let m(i) = -i**2 + i + 46. Calculate m(-6).
4
Let k(a) = a**2 - 15*a - 8. Calculate k(16).
8
Let s(n) = 6*n + 35. Give s(-8).
-13
Let q(m) = 4*m - 6. Determine q(-2).
-14
Let d(t) = t - 3. Give d(-2).
-5
Let t(y) = -y**3 - 13*y**2 - 7*y. Determine t(-13).
91
Let v(g) = -g**2 + 249*g - 1458. Determine v(6).
0
Let l(z) = -z**2 + 2*z. Determine l(5).
-15
Let r(h) = -2*h + 39. Calculate r(19).
1
Let o(c) = c**2 - 12*c. Determine o(7).
-35
Let r(o) = -41*o + 491. Determine r(12).
-1
Let s(y) = y**2 + y - 30. What is s(0)?
-30
Let q(b) = -b**2 + 10. Determine q(-4).
-6
Let f(q) = -q**2 - 9*q - 19. What is f(-6)?
-1
Let o(u) = u**2 - 6*u - 9. What is o(-2)?
7
Let x(p) = p**2 - 34*p + 39. Give x(33).
6
Let b(j) = j**2 - j + 5. Give b(0).
5
Let a(v) = -v + 19. Give a(19).
0
Let j(s) = s**3 + 29*s**2 - 65*s - 63. Determine j(-31).
30
Let x(r) = 3*r**3 + 7*r**2 + 5*r - 1. Calculate x(-3).
-34
Let z(q) = 3*q - 13. Give z(14).
29
Let a(u) = -u**2 - u + 3. What is a(0)?
3
Let k(m) = m**3 + 12*m**2 + 5*m - 13. Calculate k(-4).
95
Let y(w) = 2*w + 3. Give y(-2).
-1
Let m(x) = -x**3 - 13*x**2 - x - 42. Calculate m(-13).
-29
Let m(t) = -3*t + 46. Calculate m(16).
-2
Let b(c) = c + 12. What is b(-6)?
6
Let v(t) = -6*t - 9. What is v(-8)?
39
Let i(a) = 3*a - 2. What is i(6)?
16
Let q(j) = -4*j**2 - 14*j - 14. Calculate q(-2).
-2
Let f(t) = -2*t**3 + 43*t**2 - 20*t - 50. What is f(21)?
-29
Let i(l) = -l - 2. Calculate i(7).
-9
Let t(s) = s**3 - 14*s**2 + 13*s + 11. What is t(13)?
11
Let h(i) = i**2 - 16*i + 38. What is h(16)?
38
Let n(l) = l**3 + 3*l**2 - 7*l + 7. What is n(-3)?
28
Let i(p) = p + 11. Calculate i(10).
21
Let u(a) = -13*a + 65. Give u(5).
0
Let v(a) = 11*a + 25. Give v(-2).
3
Let v(f) = f**2 - 11*f + 35. Determine v(9).
17
Let v(a) = 8*a + 25. Determine v(-4).
-7
Let w(p) = 2*p**2 + p - 4. Give w(-2).
2
Let s(j) = -j**3 - 3*j**2 + 5*j + 2. Calculate s(-3).
-13
Let r(c) = -c**3 - 39*c**2 - 73*c - 6. Determine r(-37).
-43
Let p(q) = q**3 + 18*q**2 + 21. Calculate p(-18).
21
Let y(j) = -2*j**2 + 5. What is y(-2)?
-3
Let d(w) = w**2 - 7*w + 6. Give d(3).
-6
Let w(j) = j**2 + 3*j - 2. What is w(2)?
8
Let v(s) = 19*s**3 - 2*s - 1. Calculate v(-1).
-18
Let x(k) = -k**2 + 4. Calculate x(3).
-5
Let s(t) = -12*t - 45. What is s(-5)?
15
Let a(q) = 39*q**3 + q**2 + q. Determine a(-1).
-39
Let w(d) = -d**2 - 3*d + 36. What is w(5)?
-4
Let x(m) = 15*m**3 - m**2 + 1. What is x(1)?
15
Let h(b) = 2*b**3 - 36*b**2 + 3*b - 56. What is h(18)?
-2
Let k(w) = -11*w**2 - 3*w + 3. Determine k(2).
-47
Let i(k) = -k**3 - 16*k**2 - 3*k - 27. What is i(-16)?
21
Let o(m) = -m**3 + 2*m**2 + 7*m - 10. Calculate o(5).
-50
Let n(k) = -k**